nder when j is divided by q?
17
Let f(x) = -2*x + 3. Let o(z) = -8*z + 12. Let d(t) = 18*f(t) - 4*o(t). Let l = 174 - 160. What is the remainder when d(-5) is divided by l?
12
Suppose -4*u - 78 = -2*r, -3*r + 2*u + 89 = 3*u. What is the remainder when r is divided by 0/1 - -15 - -1?
15
Calculate the remainder when (-6)/21 - 1/(7/(-695)) is divided by 25.
24
Suppose -a - 7 = 5*t - 51, -a - 3*t = -40. Calculate the remainder when 67 is divided by a.
33
Let u(l) = 4*l - 9. Suppose 2*z - 3*z = -3, 5*z - 160 = -5*r. What is the remainder when r is divided by u(6)?
14
Let o(f) = -f**3 + 6*f**2 - 8*f + 7. Let r be o(5). Let w = -17 - r. What is the remainder when 279/15 + w/15 is divided by 10?
8
Suppose -7*g = -136 + 17. What is the remainder when 84 is divided by g?
16
Let x = -89 + 101. Calculate the remainder when 21 is divided by x.
9
Suppose 2*c + 6 = 2*t, -5*c + 2*c = 3*t - 15. Let z(d) = d**3 - 2 - 2*d**2 + 5 - 6*d - 2*d**3 + 2*d**3. Calculate the remainder when z(t) is divided by 4.
3
Let g(t) = -t**3 - 8*t**2 + t + 2. Let r be g(-8). What is the remainder when 21 is divided by r/5*15/(-3)?
3
Let m = 16 - 28. Calculate the remainder when 9/m + (-207)/(-4) is divided by 13.
12
Let h = 138 - 101. What is the remainder when 146 is divided by h?
35
Let l be (-4 - 2)/(-1)*1. Let a = l - 4. Calculate the remainder when 9 is divided by a.
1
Suppose 5*d = n + 347, -5*d = -2*n + 37 - 386. Calculate the remainder when d is divided by 35.
34
Let w = 82 - 141. Let a = 100 + w. What is the remainder when a is divided by 14?
13
Let c = -73 + 116. Let o(a) = -a + 27. What is the remainder when c is divided by o(12)?
13
Let f(x) be the third derivative of x**4/24 + 6*x**3 + 6*x**2. What is the remainder when f(0) is divided by 13?
10
Let h be 2 - (0/(-2))/2. Suppose h*b = 5*g + 10 + 3, 4*b + 5*g - 11 = 0. What is the remainder when (-72)/(-7) + (-2)/7 is divided by b?
2
Let m(z) be the first derivative of z**4/2 - z**3/3 - z**2/2 - 4*z - 1. What is the remainder when m(3) is divided by 10?
8
Let n = 25 + -21. Suppose -n*z + 32 = -64. What is the remainder when 93 is divided by z?
21
Let y be -3 - (-11 + (-3 - -7)). Suppose 0 = -2*c - 2*c + 60. Suppose -h - y*h = -c. Calculate the remainder when 4 is divided by h.
1
Let o(p) = 13*p**2 + p. Calculate the remainder when o(2) is divided by 29.
25
Let u be 8 + 1*2/(-1). Let q = u - 4. What is the remainder when (700/15)/14*(-12)/(-10) is divided by q?
0
Let p be (-30)/9*(-216)/20. Let f = p - 20. Suppose -2*m + 31 = 3*h, 4*h - 3 = -m + 35. What is the remainder when f is divided by h?
7
Let q be (2/4)/(2/388). Suppose q = 5*g + 27. Calculate the remainder when 68 is divided by g.
12
Let r = 40 - 25. What is the remainder when 57 is divided by r?
12
Let f = 33 + -2. Calculate the remainder when f is divided by 17.
14
Suppose -l + 0*l + 6 = 0. Let b = 7 - 11. Let h = 8 + b. What is the remainder when l is divided by h?
2
Let o = -11 + 18. Let n be 12/8*8/(-3). Calculate the remainder when o is divided by 1*n/(-1 + 0).
3
Let w(d) = 7*d - 2. Let y be w(6). Suppose -5*i + y = -i. Let n = 3 - -1. Calculate the remainder when i is divided by n.
2
Calculate the remainder when 123/(12/4) + -3 is divided by 8.
6
Suppose a = -2*a + 51. What is the remainder when a is divided by 11?
6
Suppose -2*n + 0 + 6 = 0, -3*n + 89 = 4*p. Calculate the remainder when 57 is divided by p.
17
Suppose t - 12 = -2*s, 6*s = 5*s - 2*t + 3. Calculate the remainder when 22 is divided by s.
1
Suppose 2*l - 143 = -v, -6*v + 271 = 4*l - v. Calculate the remainder when l is divided by 19.
17
Let a = -11 - -14. Let z(p) = p**2 - 8*p + 10. Let j be z(7). Suppose j*d - 35 = -2*d. What is the remainder when d is divided by a?
1
Let y be (-4)/((-3)/((-30)/4)). Let j = y + 15. Suppose -19 - 156 = -j*s. Calculate the remainder when s is divided by 12.
11
Calculate the remainder when -6*1/(-8) - (-3417)/68 is divided by 13.
12
Suppose 4*y + 0*t = 3*t + 86, -2*y - t = -38. Suppose 4*i = 3*q + 217, 5 = 9*q - 8*q. Calculate the remainder when i is divided by y.
18
Calculate the remainder when 44 is divided by ((-2)/4)/(12/(-552)).
21
Let w(z) = -3 - 7*z**2 - 3*z**2 + 3*z**2 - 6*z. Let u(v) = -v**2 - 1. Let q(o) = 6*u(o) - w(o). Calculate the remainder when q(4) is divided by 13.
11
Suppose -g + l + 8 = 0, -4*l - 4 - 7 = -g. Let c(i) = 2*i**2 - 2*i + 3. What is the remainder when c(4) is divided by g?
6
Let s(u) = 162*u**2 + 1. Let b be s(1). Let m = -100 + b. What is the remainder when m is divided by 22?
19
Suppose 0*f - 24 = -3*f. Suppose x = -3*v + 38, -5*x + 6*v = v - 90. Calculate the remainder when x is divided by f.
7
Suppose -3*s = s - 20. Let u = 56 - 28. Let b = -19 + u. Calculate the remainder when b is divided by s.
4
Let c(l) = -29*l**3 - 2*l**2 - 3*l - 2. Calculate the remainder when c(-1) is divided by 15.
13
Let s = -12 + 17. Let o = s - 3. Suppose 2*w - 28 = -3*f, 0 = f + 4 - o. Calculate the remainder when w is divided by 9.
8
Let u = -6 + 6. Suppose -148 = -u*s - 4*s. Suppose -3*f = 2*d + 3*d - 71, 5*f = 3*d - 29. What is the remainder when s is divided by d?
11
Let w(z) = 2*z - 4. Let u be w(3). Suppose -u*m + 33 = -97. What is the remainder when m is divided by 17?
14
Calculate the remainder when 7 is divided by -2*2*9/(-12).
1
Let b be (4 + -2)/((-1)/(-2)). Suppose 3*s + 14 = -b. Let r = 9 - s. Calculate the remainder when 43 is divided by r.
13
Suppose 4*c + 2 + 2 = 0. Let r(g) = 35*g**2 + g + 1. Calculate the remainder when r(c) is divided by 12.
11
Let u = -7 + 7. Suppose 3*s - 129 = -5*q, u*q - 86 = -2*s - q. Calculate the remainder when s is divided by 15.
13
Suppose 4*s - 135 = -5*y, -4*s + 100 + 41 = -y. Suppose -89 = -5*c - i, 6*c - c - 3*i - 93 = 0. What is the remainder when s is divided by c?
17
Let d(g) = -2 + 0*g**3 - 5*g**2 + 4*g + 3*g**3 + 0*g**3. Let x be d(3). What is the remainder when x/2 - (-2)/(-1) is divided by 11?
10
What is the remainder when ((-14)/(-35))/(1/55) is divided by 5?
2
Suppose -2*h = -4*s - 2, -4*s + 1 = -s - h. Suppose 3*c - i = 31, s*i - 6 = -i. Calculate the remainder when 20 is divided by c.
9
Let o = -8 - -9. Calculate the remainder when o/2 + 55/10 is divided by 4.
2
Suppose 22 = -j + 5*s, 4*j = 4*s - 33 - 55. Suppose 8*x - 60 = 3*x. What is the remainder when (j/6)/((-3)/27) is divided by x?
9
Let y = 2 - 1. Let g be (5 - 2)*1*y. Suppose g*n = -0 + 15. Calculate the remainder when n is divided by 2.
1
Suppose 4*m + 12 = 0, -5*m - 3 - 2 = 5*a. Suppose -10 = -2*y - 2. Calculate the remainder when y is divided by a.
0
Calculate the remainder when 111 is divided by 4/(-2)*1*-19.
35
Suppose -2*t = -t - 1. Suppose 2*m - t = 5*n + 7, 0 = 2*n. What is the remainder when m is divided by 2?
0
What is the remainder when 76*(4 - (-33)/(-12)) is divided by 20?
15
Let k = 11 - 5. Calculate the remainder when k is divided by 2.
0
Let l(v) = -8*v - 3. What is the remainder when l(-3) is divided by 12?
9
Suppose -4*f - 15 - 25 = 0. Calculate the remainder when f/45 - 425/(-9) is divided by 16.
15
Let y(b) = -5*b + 12. Let x = 2 + -1. Let f(p) = -p + 1. Let a(d) = x*y(d) - 4*f(d). What is the remainder when 4 is divided by a(6)?
0
Suppose 3*b - 7 - 11 = 0. Suppose 2*s + 4 = -4. Calculate the remainder when 21 + (-1)/2*s is divided by b.
5
Suppose i - 2 = -0*i. Suppose 3*n - 3*q - 36 = 0, i*n + 5*q = 6 + 25. Calculate the remainder when n is divided by 5.
3
Let w = 23 + 21. Suppose 3*m + 11 = w. What is the remainder when 21 is divided by m?
10
Let n(q) = -q**2 + 9*q - 8. Let k(t) = t**3 + 8*t**2 - 9*t + 4. Suppose 0 = -2*z + 7 - 25. Calculate the remainder when n(6) is divided by k(z).
2
Let z = 51 + -9. What is the remainder when z is divided by 5?
2
Let m = -266 - -410. Suppose 5*a = 5, -2*a - 2*a + m = 4*u. Calculate the remainder when u is divided by 9.
8
Let y(t) = t**3 - 4*t**2 - 9*t + 9. Calculate the remainder when 52 is divided by y(6).
25
Suppose 2*g + 14 = -2. Let c be ((-4)/g)/(2/8). Suppose c*h + 26 = 4*h. Calculate the remainder when h is divided by 7.
6
Suppose -3*b + 3 = -27. Suppose p + 4*n = -p + 14, -3*n - 9 = -5*p. Let i = p + b. What is the remainder when 25 is divided by i?
12
Suppose -3*r - 4*j + 11 = 0, 4*r - 4*j - 14 = 2*r. Calculate the remainder when 49 is divided by r.
4
What is 